t. Let d be (-4 + v)/(-1 + 0). Suppose -12 = -d*n - 2*n. Calculate the remainder when 7 is divided by n.
1
Let q(f) = -f**2 - 22*f + 207. Let m = 14 + -6. What is the remainder when m is divided by q(-29)?
0
Let n(z) = 3*z**2 + 4*z + 6. Let f(j) = 28*j**3 + 1. Let m be f(-1). Let k = m - -23. What is the remainder when 73 is divided by n(k)?
35
Let b(p) = -2 - 3*p - p**2 + 2*p + 2*p**2. Let y be b(0). What is the remainder when ((-57)/(-2)*y)/(-1) is divided by 15?
12
Let j be (-78)/(-9) - 22/33. Suppose j*n = -66 + 546. What is the remainder when n is divided by 31?
29
Suppose -5*q = o - 1735 - 4642, 0 = -3*q - o + 3827. Calculate the remainder when q is divided by 18.
15
Suppose j - 1 = 2*j. Let s be (-1)/(j/(-2 + 7)). Suppose 20 = -4*f, 8 = s*d - f - 77. Calculate the remainder when 63 is divided by d.
15
Let v = -25 - 32. Let w = v - -61. Calculate the remainder when w is divided by 4.
0
Let q = -6 + 27. Calculate the remainder when 87 is divided by 490/q + 4/6.
15
Suppose -521 = -2*a + r, -2*a - 4*r = -302 - 224. What is the remainder when a is divided by 22?
19
Let x = -534 + 987. What is the remainder when x is divided by 57?
54
Let i = 26 + -50. Let n = 28 + i. Suppose n*a = 3*a + 75. Calculate the remainder when a is divided by 26.
23
Suppose -3*q - 82 = -130. Calculate the remainder when -174*((-15)/(-9) + -2) is divided by q.
10
Suppose 0 = -z + 3*p + 114, -2*z - p = -94 - 155. What is the remainder when z is divided by 97?
26
What is the remainder when (630/(-245))/((-6)/532) is divided by 7?
4
Let y = 148 + -85. Let n = -8 + 12. Suppose 3*v - 19 = -2*p + p, -4*p - n*v = -68. What is the remainder when y is divided by p?
15
Let z(v) = -v**3 - 4*v**2 + v. Let j be z(-4). What is the remainder when 9/12 + (-25)/j is divided by 3?
1
Suppose -5*n + 2*m + 6 = -3*n, n + 3 = -2*m. Let y = 37 - n. Calculate the remainder when 179 is divided by y.
35
Let c(b) = 14*b**2 - 124*b + 19. Calculate the remainder when 117 is divided by c(9).
6
Let b(j) = -j**2 + 12*j + 3. Let t be b(12). Suppose t*s - 7*s = -160. What is the remainder when 78 is divided by s?
38
Suppose 82*a - 636 = 70*a. Calculate the remainder when 170 is divided by a.
11
What is the remainder when 168 is divided by -26 + 26 + (2 + 16)/2?
6
Let j = 63 - -357. Calculate the remainder when j is divided by 85.
80
Suppose 6*n = 20*n - 3080. Let b = n - 110. What is the remainder when b is divided by 23?
18
Suppose 4*x + 4*n = 2488, 3*n - 4*n = 2*x - 1248. Calculate the remainder when x is divided by 17.
14
Suppose -20*q + 54 = -17*q. Calculate the remainder when 37 is divided by q.
1
Let g = -80 + 123. Suppose 0 = -3*f + 62 + 178. Suppose 0 = t + 3*l - 27, -4*t + l - 6*l = -f. What is the remainder when g is divided by t?
13
Let y(a) = -14*a**2 - 3*a. Let g be y(-2). Let q = g + 70. Let x(c) = 4*c**2 - 5*c + 3. Calculate the remainder when x(5) is divided by q.
18
Let o be 4 - 4 - -22 - 2. Let h be 15/o - 73/(-4). Suppose -3*u = -49 + h. Calculate the remainder when 49 is divided by u.
9
Calculate the remainder when 48 is divided by (-1 - (-5)/(-1))*-2 - -5.
14
Suppose -40*w + 38*w + 86 = 0. Suppose -4*r + 428 = -248. Calculate the remainder when r is divided by w.
40
Let p = 65 + -45. Suppose -5*i = -7*i + p. Calculate the remainder when i is divided by 6.
4
Suppose 2*k - 28 = -2*t, 0 = 5*t + 5*k - 6*k - 94. Calculate the remainder when 204 is divided by t.
6
Suppose -164 = -8*w - 52. What is the remainder when (-551)/(-7) + 2*2/w is divided by 17?
11
Suppose -2*p + 4*w = 10, -4*p = 8*w - 4*w - 28. Suppose 12 + 2 = n - 5*v, 0 = p*v + 3. Calculate the remainder when 16 is divided by n.
7
Let c = 16 - -49. Calculate the remainder when c is divided by 60*((-28)/105 + 6/9) - 2.
21
Let f(y) = y**3 + 14*y**2 + 32*y - 15. Let k be f(-10). Suppose z - 3*r = k, 5*r = 3 + 2. What is the remainder when z is divided by 22?
2
Suppose 0 = -2*r - r. Suppose -4*j + r*j + 92 = 0. Let z(y) = 3*y**3 - 3*y**2 + 3*y - 5. Calculate the remainder when j is divided by z(2).
10
Let a = 157 + -133. Calculate the remainder when 669 is divided by a.
21
What is the remainder when (-24)/96*((-656 - -2) + 2) is divided by 34?
27
Suppose 0*t - 3*t - 4*j = -6, 0 = -3*t + 3*j + 27. Let u = t - -25. What is the remainder when 59 is divided by u?
28
Let r be (-20)/(-8) - 2/(-4). Let p = r + 1. Suppose 0 = 4*x + 4*o - 16, 0*x + 4*o - p = -2*x. What is the remainder when 17 is divided by x?
5
Suppose 836 = -6*m + 11*m - 2*g, 5*m - 824 = -2*g. What is the remainder when m is divided by 13?
10
Suppose -34*s + 105 = -29*s. What is the remainder when 566 is divided by s?
20
Let a = -330 + 486. What is the remainder when a is divided by 73?
10
Let s(v) = -v**3 + v**2 + 16. Let u be s(0). Suppose -5*a + u = -a. Suppose -5*z + b = -3*b - 19, 3*b + 15 = a*z. What is the remainder when 9 is divided by z?
0
Let f = 1266 - 1257. Calculate the remainder when 15 is divided by f.
6
Let t(u) = 31 + 58 - 11*u**2 + 18*u**2 - 5*u**2 + 4*u. Calculate the remainder when t(0) is divided by 23.
20
Let p = -363 + 413. What is the remainder when 104 is divided by p?
4
Let g(c) = -c**3 + 11*c**2 - 18*c + 25. What is the remainder when 320 is divided by g(9)?
20
Suppose -20*j + 918 = -2*j. Suppose 2*q - 33 = -3*a, 5*a + 9 = 4*q - 46. Calculate the remainder when j is divided by q.
6
Let n(k) = -k + 20. Calculate the remainder when 329 is divided by n(10).
9
Let z = 2 + 23. Let y = 264 + -250. What is the remainder when z is divided by y?
11
Let h = 251 - 218. What is the remainder when h is divided by 5?
3
Let j(v) = 60*v - 143. What is the remainder when j(5) is divided by 4?
1
Let b(c) = -c**2 + 7*c + 10. Let v be b(8). Suppose -5*q + 401 = -p - 0*p, v*q - 163 = 3*p. Calculate the remainder when q is divided by 27.
26
Let q(s) = -s**3 - 6*s**2 + 21*s - 29. Let y = 40 + 3. Calculate the remainder when y is divided by q(-9).
18
Let z(a) = -9*a - 2. Let x(u) = -u**2 - 15*u + 10. Let l be x(-8). Suppose t - 7*k = -4*k + l, 4*k + 4 = 0. What is the remainder when t is divided by z(-2)?
15
Let a(r) = 2*r + 6. Let x(n) = 12*n + 35. Let z(g) = 34*a(g) - 6*x(g). Calculate the remainder when 29 is divided by z(-4).
9
Suppose -4*j + 5*g + 115 = 0, 2*g + 0*g = 10. Let k be (-7)/(j/(-6))*25. Suppose 3*n = 3*a - a + 65, -n + k = a. What is the remainder when n is divided by 9?
7
Let l(h) = -2*h + 62. Let f be l(27). Suppose 0 = -2*q + 4*q. Let u = q + f. Calculate the remainder when 14 is divided by u.
6
Let m(z) = -14*z + 131. What is the remainder when 176 is divided by m(5)?
54
Let i(a) = a + 1. Let f be i(5). Suppose f = 3*w - 0. Suppose -w*k + 36 = z, 3 = k + 2*k. What is the remainder when z is divided by 9?
7
Let m = -2229 - -3233. Calculate the remainder when m is divided by 28.
24
Suppose 2*j - 2*l - 53 = -l, -3*j - 4*l + 96 = 0. Calculate the remainder when j is divided by 9.
1
Calculate the remainder when 39 is divided by -4 - (-32)/8 - -20*1.
19
Let j(v) = v**3 - v**2 + 7*v + 25. What is the remainder when j(0) is divided by 14?
11
Let h(g) = 2*g**3 + 19*g**2 + 6*g + 79. What is the remainder when h(-9) is divided by 11?
7
Let x(v) = -2*v**3 - 7*v**2 - 2*v - 16. Calculate the remainder when 324 is divided by x(-4).
4
Suppose -f = -5*f, 2*z + 30 = 2*f. Let m = z + 29. What is the remainder when 40 is divided by m?
12
What is the remainder when 279 is divided by -2 - (1536/120)/(2/(-15))?
91
Let l = 783 - 776. Calculate the remainder when l is divided by 3.
1
Let f = -136 + 166. Calculate the remainder when 161 is divided by f.
11
Suppose -13*t + 252 = 5*t. Calculate the remainder when 19 is divided by t.
5
Suppose 3*a - c + 0*c - 9 = 0, 2*a - 6 = 2*c. Suppose -a*y = 5*w - 172, w - 6*w + 2*y + 152 = 0. Calculate the remainder when 92 is divided by w.
28
Let o = -122 + 190. What is the remainder when 1223 is divided by o?
67
Let u be 4/5 - (-608)/40. Suppose -u*x + 72 = -56. What is the remainder when 22 is divided by x?
6
Suppose -533*g + 528*g = -155. What is the remainder when 86 is divided by g?
24
Let l = -334 + 353. Calculate the remainder when l is divided by 11.
8
Let n = -93 + 358. What is the remainder when n is divided by 49?
20
Let a = -42 + 38. Calculate the remainder when (4/6)/((-2)/(-12)) is divided by (-5)/20*3*a.
1
What is t